or of 144 and x?
16
Let q(y) = y**3 + 3*y**2 - 2*y + 1. Let r be q(-3). Suppose -4*o + 64 = -108. Let p = o + -15. Calculate the highest common divisor of r and p.
7
Suppose -17*q - 915 = -22*q. Let u = q - -3. Calculate the greatest common divisor of u and 124.
62
Let a(f) = -29*f - 4. Let n(o) = 14*o + 3. Let s(b) = 3*a(b) + 7*n(b). Let c be s(1). Calculate the highest common divisor of 10 and c.
10
Suppose -12*c = -14*c + 44. Suppose 2*b = -2*i + 24, 8*i + 5*b - 36 = 7*i. Calculate the highest common factor of i and c.
2
Let g(h) = -136*h + 164. Let x be g(1). Calculate the highest common divisor of x and 2884.
28
Let b = 7 + 10. Let u be (664 + -656)/((-2)/(-68)). Calculate the highest common factor of u and b.
17
Suppose -2*s = -4*z - 11568, -4*s + 6085 + 17099 = 4*z. What is the greatest common factor of s and 543?
181
Let u = -96 - -57. Let w = u - -55. Let b = 28 - w. Calculate the greatest common divisor of 48 and b.
12
Suppose -332*v - 22535 + 85312 = -47779. What is the highest common divisor of 36 and v?
9
Suppose 4*u + 0*u - 2*b = 170, 5*b - 163 = -4*u. Suppose 12 = 18*m - u. What is the highest common divisor of m and 75?
3
Suppose 0*v = 4*v - 4*h + 64, -h + 58 = -4*v. Let x = v + 16. Let n be 3 - (0 + -4 - x). Calculate the highest common divisor of n and 9.
9
Suppose -1390 = 23*z + 1715. Let u = -42 - z. Calculate the greatest common divisor of u and 124.
31
Suppose -5*f + 6 = -4*u, 0 = -2*u + 4*u + f - 4. Let w be u/1 + -6 + 2 + -1. Let s be (-20)/2*(18/(-4) - w). What is the highest common factor of s and 40?
5
Let q = 30553 + -30377. Calculate the greatest common divisor of q and 1353.
11
Let l = -43 - -47. Let g(j) = j**3 + 36*j**2 + 95*j - 80. Let o be g(-33). What is the highest common divisor of l and o?
4
Let p = 5272 + -5102. Calculate the greatest common divisor of p and 1360.
170
Let v be -48 + (0 + -5 - 0). Let y be 30/180 - v/6. Calculate the greatest common divisor of 99 and y.
9
Let o = -15 - -15. Suppose -9 = -3*w, o = n + 3*w - 5*w - 27. Calculate the greatest common divisor of 165 and n.
33
Suppose -3*j + 31 = -0*s - s, 3*j - 46 = -2*s. Calculate the highest common factor of j and 258.
6
Let y = -45600 + 45611. Let h be 1/(-1) + 2 - -537. Suppose -g + 259 = 2*z, 5*z - h = z + 2*g. Calculate the highest common factor of z and y.
11
Let r = -2240 + 5236. Calculate the greatest common divisor of r and 28.
28
Let v = -51 - -96. Suppose -1580*f + 827640 + 949860 = 0. What is the highest common divisor of v and f?
45
Suppose 1622 = -99*r + 23897. What is the highest common divisor of r and 125?
25
Let o(d) = 16*d + 2 - 3*d - d**2 + 4 + 11. Let w be o(14). Suppose 3*q = 0, 0 = -2*l - l + 2*q + w. What is the highest common divisor of 12 and l?
1
Suppose 5*i = r + 3194, -337*i + 334*i + 4*r + 1896 = 0. What is the highest common divisor of 7280 and i?
80
Let s be 1/3*-3513*(1 + -2). Suppose -492 = -3*j + 3*g + 213, 5*j = 4*g + s. What is the greatest common divisor of j and 66?
33
Suppose 5*d - 2*q = 3*q + 3510, -3*q = -4*d + 2812. Suppose 6*c + d = 1954. Calculate the highest common divisor of 128 and c.
16
Let x = -1089 + 749. Let t = -153 - x. Calculate the highest common divisor of 51 and t.
17
Let b = 372 + -352. Let w(o) = 3*o + 41. Let p be w(18). What is the greatest common factor of b and p?
5
Suppose -5*b + 63 = -2*p + 62, p + 3*b = 5. What is the highest common factor of p and 1610?
2
Let j be 3/(114/(-4)) - 1160/(-190). Let h(t) = 75*t - 376. Let g be h(j). What is the greatest common factor of 407 and g?
37
Let p(k) = -k**3 - 4*k**2 + 20*k + 34. Let u be p(-6). Let x be ((-32)/u)/(40/140). Calculate the greatest common factor of 8 and x.
8
Let k be 2/2 + 728/7. Let i(y) = y**2 - 3*y - 3. Let r be i(6). Calculate the greatest common divisor of r and k.
15
Suppose -46*k = -24*k - 792. Let u be (0 - (-1)/2)*6. Suppose -u*g + 108 = -g. What is the greatest common divisor of k and g?
18
Let l be 0 + (-14)/(-49) + (-584)/(-14). Let j = -27 + l. Let c = -4 - -244. What is the greatest common divisor of j and c?
15
Suppose -3*w + 3*w - 324 = -3*w. What is the greatest common divisor of 324 and w?
108
Let q be (2/4)/((-2)/(-72)). Suppose -14*w + 2*w + 72 = -4*w. What is the greatest common factor of w and q?
9
Let a be (1 + (-6)/(-10))/(14/(-105)). Let f(j) = -j**2 - 14*j - 21. Let r be f(a). Suppose -z + 4 = -29. Calculate the highest common factor of z and r.
3
Suppose n = -3*v + 125, 2*v - 4*v + 234 = 2*n. Suppose -c - n + 115 = 0. Calculate the greatest common factor of 16 and c.
2
Let m be 455/(-14)*(2 + 4). Let k be (-5)/((-5)/m*-1). Calculate the highest common divisor of k and 156.
39
Let i be (1840/180)/((-2)/(-9)). Suppose 4*s - s + 126 = 0. Let g = i - s. Calculate the greatest common factor of g and 8.
8
Suppose 385*r + m = 382*r + 49, 38 = 3*r - 10*m. Suppose h = -h + 6, -4*n + 3*h + 279 = 0. Calculate the greatest common factor of n and r.
8
Suppose -11*m + 46678 = -17165 - 3301. What is the highest common factor of 3924 and m?
436
Suppose 5*w = -h + 180, -3*h = -w + 34 - 14. What is the highest common factor of w and 9660?
35
Suppose -13*b - 1257 = 3*q - 110214, 5*b + 5*q = 41895. What is the highest common divisor of 33 and b?
33
Let m = 92 + -20. Suppose 89 - 109 = -10*h. Suppose -4*p + 2*v + 4 = -20, -4 = -h*p + 3*v. What is the highest common divisor of m and p?
8
Let x = -100 + 116. Calculate the highest common factor of x and 16.
16
Let t be (((-15708)/30)/11)/(-5 - (-144)/30). What is the highest common factor of t and 1173?
17
Let i = -2377 - -2392. What is the greatest common factor of i and 40?
5
Suppose 11*o - 14*o = -69. Suppose -26*n = -o*n - 144. What is the highest common factor of n and 24?
24
Let r = 1851 + -1817. What is the greatest common factor of r and 1547?
17
Suppose 5*x + 3*h - 3095 = 0, 29*h - 1853 = -3*x + 28*h. What is the greatest common divisor of 385 and x?
77
Let v = 296 + -298. Let f be 2/v + 24/(24/4). Let i be ((-18)/4)/(3/(-18)). Calculate the greatest common divisor of f and i.
3
Let m = -13 + -12. Let i = m - -38. Let z be 5/(0 - 5) - -92. Calculate the greatest common factor of i and z.
13
Suppose -15*h = -5*h - 600. Let y = 14 - 17. Let f be ((-20)/y - 0)*6. Calculate the greatest common divisor of f and h.
20
Suppose 8*o + 18*o - 2912 = 0. Let g be (-14)/(-168)*580 - 2/6. Calculate the highest common factor of g and o.
16
Let r(x) = 60*x - 212. Let y(s) = 1. Let q(c) = -r(c) - 4*y(c). Let f be q(-20). Calculate the greatest common divisor of f and 11.
11
Suppose 21*l - 559 = 16*l - 2*j, 2*l - 4*j - 214 = 0. Let m = -95 + l. Calculate the greatest common divisor of 32 and m.
16
Let f(h) = -39*h - 760. Let o be f(-22). What is the highest common factor of 3381 and o?
49
Let l(s) = 9*s. Let v be l(2). Let w(x) = -1026*x - 1118*x + 12 + 2082*x. Let r be w(0). What is the greatest common divisor of r and v?
6
Let j be (5 + 37405)/15 + -5. Calculate the greatest common factor of j and 19.
19
Let h(m) = 48*m - 74. Let c be h(4). Suppose 3*p - 3 = 0, -p - 21 = -5*q + c. What is the greatest common factor of 4 and q?
4
Suppose 16199 = 12*m - 2449. Calculate the greatest common divisor of m and 2553.
111
Let d be (2/(-6))/(10/(-420)). Let k(z) = -z**3 - 5*z**2 - z + 4*z**3 - 4*z**3 - 2*z**2. Let r be k(-7). What is the highest common factor of r and d?
7
Let p = -14635 + 14727. What is the highest common divisor of p and 874?
46
Let d(p) = 1073*p + 901. Let s be d(18). What is the greatest common factor of s and 13?
13
Suppose 2*y + 1145 = 5*s, -5*s + 683 = -2*s - 2*y. Calculate the greatest common factor of 119 and s.
7
Let h be 0/(-6 - -4) + 2 + 192. Suppose -2*l = -o + 113, -3*o - 4*l + 165 = -h. Calculate the highest common factor of o and 39.
39
Suppose -5*i + 11*i + 4*r = 748, 0 = 3*i + 5*r - 395. Calculate the greatest common factor of 192 and i.
24
Let k be 2/(-1)*(-1890)/140. What is the highest common divisor of 177 and k?
3
Let l(k) = 110*k - 2. Let c be l(1). Suppose 3 = o, -276 = -0*s - 2*s + 4*o. Calculate the greatest common factor of s and c.
36
Suppose 341*v - 445*v + 21632 = 0. What is the highest common factor of v and 9776?
208
Let b(f) = -3*f**3 + 6*f**2 + 4*f + 156. Let i be b(0). What is the highest common factor of 741 and i?
39
Let i(c) = 